 is divided by 8.
5
Let n = 4 - 0. Let b(r) = -r**2 + 7*r - 6. What is the remainder when 16 is divided by b(n)?
4
Suppose 6*k - 3*k - 53 = -5*t, 3*k - 3*t - 69 = 0. Calculate the remainder when (-4)/14 + 993/k is divided by 16.
15
Let w be (-1)/(((-1)/3)/1). Suppose 0 = -2*n + 4*h + 30, 0 = w*n + 5*h - 2 + 1. Calculate the remainder when (2/6)/((-1)/(-57)) is divided by n.
5
Suppose -c - c = -50. Calculate the remainder when 74 is divided by c.
24
Let t(k) = 8*k**3 - 2*k**2 + 2*k - 2. Let c be t(2). Let j = c + -41. Calculate the remainder when 32 is divided by j.
15
Let h be 1/(-1 - 30/(-33)). Let m = -1 - h. Suppose 0 = -2*l + 4*l - 54. Calculate the remainder when l is divided by m.
7
Let l(f) = 3*f - f - 4*f + 13 + f. Calculate the remainder when l(4) is divided by 4.
1
Let a(v) = 7*v**2 + 4*v + 5. What is the remainder when a(-6) is divided by 18?
17
Suppose 180 = 13*h - 3*h. Calculate the remainder when 49 is divided by h.
13
Suppose -8*a + 0*a = -24. What is the remainder when a is divided by 2?
1
Let m(z) = -2*z + 4. Let p be 2/(-6) - (-182)/(-39). Calculate the remainder when 25 is divided by m(p).
11
Let u(w) = -2*w + 7. Suppose -14 + 2 = -2*n. Let f be u(n). Let v = 12 + f. Calculate the remainder when v is divided by 4.
3
Let a(v) = -4*v**2 - 9*v + 10. Let p(d) = -5*d**2 - 8*d + 10. Let c(w) = -4*a(w) + 3*p(w). Calculate the remainder when c(-13) is divided by 3.
0
Suppose 0 = -3*n + 5*g + 95, -4*n + 6*n = -g + 46. What is the remainder when n is divided by 14?
11
Suppose p + 192 = 5*p. Suppose p = 2*v - w, v - 8*w = -3*w + 42. Calculate the remainder when v is divided by 8.
6
Let k(s) = s**3 - 3*s**2 - 5*s - 3. Calculate the remainder when 62 is divided by k(5).
18
Suppose -2*m = m - 51. Let k = -6 + m. Calculate the remainder when 41 is divided by k.
8
Suppose -5*c - 100 = -9*c. Suppose 9 + 0 = x. What is the remainder when c is divided by x?
7
Suppose 4*r + 3*w + 2*w = 79, -3*w + 18 = r. What is the remainder when 83 is divided by r?
20
Let i = -4 - -12. Calculate the remainder when 29 is divided by i.
5
Let m(k) = k + 10. Let g be m(-8). What is the remainder when 9/(-6) + (-146)/(-4) is divided by (-8 - -2)*(0 - g)?
11
Let b = 64 + -44. Calculate the remainder when 35 is divided by b.
15
Suppose 0*k = 7*k - 91. Calculate the remainder when 77 is divided by k.
12
Let h(n) = -9*n + 4. Calculate the remainder when 108 is divided by h(-2).
20
Let n(m) = -m**3 - 3*m**2 + 5*m. Suppose -398 + 106 = -4*j. Suppose 2*y - j = y. Calculate the remainder when y is divided by n(-5).
23
Suppose s = -c - 2 + 1, -2*s + c = -1. Suppose s = -3*v + p + 143, 0 = v + 2*v + 2*p - 128. What is the remainder when v is divided by 16?
14
Suppose 0 = 3*j - 5*j + 12. Let q = 124 + -60. Suppose -q = -3*l + b, -l = -3*b - b - 3. What is the remainder when l is divided by j?
5
Let w = -116 + 171. Suppose -2*f - 11 = -w. Let o(c) = -c**2 - c + 8. Calculate the remainder when f is divided by o(0).
6
Let x = 14 - 9. Let k = -2 - -5. What is the remainder when 17/4 - x/20 is divided by k?
1
Suppose -24 = -3*f + 21. What is the remainder when 29 is divided by f?
14
Let l(j) = 2*j**2 - 2*j - 1. Suppose -3*z + 3*u + 83 = 8*u, -8 = 4*u. Suppose 2*d + z = 93. What is the remainder when d is divided by l(3)?
9
Suppose 3*r - 7*r = -144. Let d = 29 - 10. Calculate the remainder when r is divided by d.
17
Suppose 94 = 2*s + 2*i - 92, s = 3*i + 101. Calculate the remainder when s is divided by 14.
11
Let g be 552/30*(-5)/(-2). Let w = 74 - g. What is the remainder when w is divided by 16?
12
Calculate the remainder when 50 is divided by (-15)/(-2)*(-8)/(-3).
10
Let k = -6 + 3. What is the remainder when (k/(-2))/((-6)/(-108)) is divided by 10?
7
Let p(x) = -x**2 - 7*x - 3. Let h be p(-6). Suppose -4*g + h*m - 8 = 0, 5*g + 4*m + 8 = g. Let s = 10 + g. Calculate the remainder when 14 is divided by s.
6
Let g(k) = -2*k - 5. Let p be g(-4). Suppose 0 = 4*r - j - 8, -r = p*r + 5*j + 16. Let m = 7 - r. Calculate the remainder when 16 is divided by m.
4
Let p be 4/12*0*-1. Suppose 0*g = -2*o + g + 175, p = 3*o + g - 270. Calculate the remainder when o is divided by 30.
29
Let j(g) = -g**3 - 7*g**2 + 6*g - 9. What is the remainder when 61 is divided by j(-8)?
5
Calculate the remainder when (-102)/(-27) - 8/(-36) is divided by 2.
0
Suppose -2*t + 6*s = 3*s - 165, 141 = 2*t + 5*s. Let x = t - 46. Calculate the remainder when x is divided by 11.
10
Suppose 0*w - 13*w = -156. Let a(f) = -f**3 + 8*f**2 - 7*f + 5. What is the remainder when a(6) is divided by w?
11
Let z(c) be the first derivative of -9*c**2/2 - 7*c - 2. What is the remainder when z(-5) is divided by 10?
8
Let d = -33 - -65. What is the remainder when d is divided by 13?
6
Let q = -17 + 47. Suppose -2*x + q = -0*x. What is the remainder when x is divided by 8?
7
Let q = 4 + 28. Suppose -3*i + 8*i + 75 = 0. Let c = 26 + i. Calculate the remainder when q is divided by c.
10
Let c be (3/2)/(3/4). Suppose -c*h + 62 = -h. What is the remainder when h is divided by 16?
14
Let d(o) = 39*o**2 + 2*o + 3. Calculate the remainder when 158 is divided by d(-1).
38
Let v = -9 - -15. Suppose -3*l - 6 = o + 3, 0 = -2*o - 4*l - 12. Calculate the remainder when v is divided by (-1)/(o + 1/(-4)).
2
Calculate the remainder when 51 is divided by ((-130)/15)/(6/(-9)).
12
Let f be 176/(1/(-3)*-3). Let i = -102 + f. What is the remainder when i is divided by 25?
24
Let m = -2 - -7. Suppose 3*f - 5 = -q + 2, -m = -2*f - q. Suppose 36 = f*o + 10. What is the remainder when 36 is divided by o?
10
Suppose -74 = -4*x + 2*p, 0 = -2*x - 5*p - 5 + 24. What is the remainder when 67 is divided by x?
16
Let b(t) = -t**2 + 5*t + 3. Let u be b(7). Let w = 14 + -8. What is the remainder when ((-110)/u)/(0 - -1) is divided by w?
4
Suppose d - 1 = 4. Let r(a) = 2*a**2 - 8*a + 6. Calculate the remainder when r(d) is divided by 6.
4
Let q(h) = h**2 + 2*h. Let z be q(-2). Suppose 5*u = z, 0 = 4*k - 2*k - 4*u - 14. Calculate the remainder when k is divided by 3.
1
Suppose 5*t - c - 111 = 42, -39 = -t + 3*c. Suppose -7*l + 2*l - 17 = -2*w, -4*w - 5*l + 79 = 0. What is the remainder when t is divided by w?
14
Let n be 12/6 + (7 - -1). Suppose -4*h + i + 55 = 0, -3*i - n = -2*h + i. Calculate the remainder when 57 is divided by h.
12
Suppose 0 = b + 5, -p + 2*b + 69 = 4. Let k = p - 33. Calculate the remainder when k is divided by 6.
4
Calculate the remainder when 86 is divided by 55/22 + 3/(-2) + 28.
28
Suppose q = 5*q. Let v(z) = -z**3 + 4*z**2 - z - 4. Let n be v(3). Suppose q = -n*p - 3*p + 35. What is the remainder when p is divided by 4?
3
Let n(o) = -5*o - 7. Let k be ((-2)/5)/((-1)/(-15)). Let g = -16 + 22. What is the remainder when n(k) is divided by g?
5
Let d(i) = 14*i - 4. What is the remainder when d(8) is divided by 37?
34
Let v = 96 + -46. Let c(g) = 3*g**2 - 14*g + 12. Calculate the remainder when v is divided by c(5).
16
Suppose -26*a = -105 - 207. Let d = 27 - -6. Calculate the remainder when d is divided by a.
9
Let r(u) = u**3 - 7*u**2 + 3*u + 11. Let y be r(8). Suppose 3*j - y = 6. What is the remainder when j is divided by 9?
8
Suppose 3 = 5*u + 13. What is the remainder when (u - -25)*(-2 + 3) is divided by 12?
11
Suppose -3*s = -h - 48, -4*s - 2*h + 54 = -0*h. Calculate the remainder when 26 + (1 - (-1 - 0)) is divided by s.
13
Suppose 0 = -2*h - 8, 4*q - 5*q - 6 = 3*h. Let k(u) = -u**2 + 8*u - 9. Let m be k(6). Suppose -m*o = -0*o - 12. Calculate the remainder when q is divided by o.
2
Let i = 111 - 36. Calculate the remainder when i is divided by 19.
18
Suppose 0 = 5*p - 4*o - 93, -51 = -3*p - 2*o - 4. Calculate the remainder when p is divided by 6.
5
Let g be (-2)/7 - 416/14. Let y = g - -65. Suppose -y = -5*x - 0*x. Calculate the remainder when x is divided by 3.
1
Suppose l + 3*q - 45 = 0, 4*l + 0*q = -2*q + 160. Suppose 3*c - 84 = -4*r, 3*r + 0*r - 63 = -2*c. What is the remainder when l is divided by r?
18
What is the remainder when 3 - (-30 - (4 + -7)) is divided by 11?
8
Let v(m) = -9*m. Let g be v(3). Let q(y) = -40*y. Let t be q(1). Let p = g - t. Calculate the remainder when 38 is divided by p.
12
Let x(n) = -n**2 + 2. Let q be x(0). Let f be (q - (-10)/(-4))*0. Suppose f = k + 3*k - 4*s - 84, 3*s = 3. What is the remainde